3090442. Determine a(-26).
82
Let y(m) = 1503*m + 76640. Calculate y(-51).
-13
Let n(c) = 4*c**2 - 74*c + 157. Calculate n(17).
55
Let m(v) = -6391*v + 89392. Determine m(14).
-82
Let q(d) = 14606*d - 379775. Determine q(26).
-19
Let m(o) = -129*o - 2955. Calculate m(-25).
270
Let d(p) = 3*p**3 + 64*p**2 - 194*p + 2169. Give d(-25).
144
Let u(t) = 4*t**2 - 302*t - 65353. Calculate u(171).
-31
Let l(f) = -72*f**3 + 10*f**2 - 192*f + 192. What is l(1)?
-62
Let n(f) = -166*f**2 + 677*f + 2745. Determine n(-4).
-2619
Let r(v) = -740*v - 58522. Give r(-79).
-62
Let l(x) = 1165*x + 66424. Calculate l(-57).
19
Let s(t) = t**2 + 35125*t - 843569. Determine s(24).
7
Let p(q) = 67*q**2 - 800*q - 2405. What is p(-3)?
598
Let s(c) = -15*c**2 - 3287*c - 34688. What is s(-208)?
48
Let p(y) = 890367*y - 1780747. Calculate p(2).
-13
Let m(d) = -133*d**2 + 991*d - 1599. Give m(5).
31
Let c(t) = 4*t**3 - 403*t**2 + 1084*t - 600. Determine c(98).
-12
Let j(r) = -10888*r - 10077. Give j(-1).
811
Let a(p) = -p**2 + 62014*p - 2. Calculate a(0).
-2
Let h(q) = 3*q**2 + 217*q + 439. Determine h(-70).
-51
Let z(w) = -1165*w**2 + 13993*w + 5. Determine z(12).
161
Let z(t) = -5067*t - 76219. What is z(-15)?
-214
Let s(z) = 133*z**2 - 86451*z + 815. Determine s(650).
165
Let u(s) = -s**3 - 46*s**2 + 479*s + 45. Calculate u(-54).
-2493
Let i(k) = -6*k**3 + 191*k**2 + 442*k + 2. Calculate i(34).
2
Let z(v) = 483*v**2 + 5315*v - 31. What is z(-11)?
-53
Let m(a) = a**3 - 9*a**2 - 2143*a + 38. Give m(51).
-13
Let o(s) = s**3 + 9*s**2 + 8*s - 15. Determine o(0).
-15
Let n(g) = 2102*g - 821975. Give n(391).
-93
Let c(o) = 3*o**2 + 84*o - 2505. Determine c(18).
-21
Let j(v) = 7*v**3 - 87*v - 173. Determine j(-2).
-55
Let g(n) = n**2 + 194*n - 83621. What is g(-402)?
-5
Let m(a) = -162*a**2 - 279*a + 9. Determine m(-2).
-81
Let l(h) = -13459*h**2 - 323017*h - 37. Give l(-24).
-13
Let s(a) = 144*a**2 + 7481*a + 29. Give s(-52).
393
Let t(n) = 19712*n + 710055. Give t(-36).
423
Let r(l) = -3736*l - 85906. Determine r(-23).
22
Let a(q) = q**2 + 96156*q + 2787705. What is a(-29)?
22
Let v(u) = u**3 + 12*u**2 + 8*u + 801. What is v(-15)?
6
Let b(v) = 6*v**3 - 11*v**2 + 120*v - 664. What is b(9)?
3899
Let r(w) = -w**3 - 9*w**2 + w - 40. Determine r(-9).
-49
Let a(s) = s**2 - 1063*s - 51936. Calculate a(-47).
234
Let u(i) = -2*i**2 - 67757*i + 271041. What is u(4)?
-19
Let o(b) = -8*b**3 - 6*b**2 - 456*b - 4. Give o(0).
-4
Let n(g) = -1092*g - 743688. What is n(-681)?
-36
Let m(k) = -4*k**3 + 397*k**2 - 1171*k + 11. Determine m(3).
-37
Let w(f) = f**3 + 21*f**2 + 41*f - 193. Calculate w(-16).
431
Let l(p) = -51*p + 3665. Give l(65).
350
Let z(j) = 4695*j + 22953. What is z(-5)?
-522
Let r(j) = 12073*j - 84511. What is r(7)?
0
Let j(u) = -371726*u - 1115187. Give j(-3).
-9
Let n(a) = 231891*a + 2782690. Calculate n(-12).
-2
Let o(v) = 2116*v**2 + 29767*v + 2004. Give o(-14).
2
Let i(z) = z**2 + 28262*z + 11282093. Give i(-405).
8
Let k(i) = 361*i + 441. Determine k(-3).
-642
Let n(y) = y**3 - 60*y**2 - 7843*y + 11461. Give n(123).
-101
Let z(w) = w**2 + 143265*w + 3437812. Calculate z(-24).
28
Let q(h) = -2*h**3 - 243*h**2 + 602*h - 2234. What is q(-124)?
-2
Let k(y) = y**2 - 9622*y + 678088. Calculate k(71).
-33
Let f(t) = 3685*t**2 - 58974*t - 1. Give f(16).
-225
Let t(d) = 3*d**3 + 10*d**2 - 397*d - 3978. What is t(-12)?
-2958
Let q(f) = -6*f**2 + 2802*f - 56180. What is q(21)?
16
Let w(p) = -4*p**3 - 413*p**2 + 906*p + 103943. Determine w(-103).
16
Let o(m) = -2*m**2 - 373989*m + 7106499. Calculate o(19).
-14
Let r(l) = -5312*l - 69068. What is r(-13)?
-12
Let b(a) = 6764*a + 459956. Give b(-68).
4
Let z(p) = -12370*p - 37141. Give z(-3).
-31
Let q(c) = 5199*c - 592036. Determine q(114).
650
Let p(j) = -13702*j + 13720. Determine p(1).
18
Let m(v) = -275*v + 40129. What is m(141)?
1354
Let u(a) = -206637*a - 1033200. Calculate u(-5).
-15
Let r(y) = -1404*y + 558915. What is r(398)?
123
Let u(t) = t**2 + 128*t + 2838. Calculate u(-100).
38
Let i(b) = -b**3 + 231*b**2 + 13070*b - 1085. Give i(278).
27
Let l(g) = 3*g**3 + 791*g**2 + 668*g + 37356. Determine l(-263).
10
Let m(s) = 14488*s - 8518922. Calculate m(588).
22
Let o(n) = -n**3 + 533*n**2 - 3264*n - 7496. What is o(8)?
-8
Let l(h) = -3*h**3 - 118*h**2 - 63*h - 94. What is l(-39)?
842
Let t(x) = 527*x - 5289. Give t(10).
-19
Let c(h) = -h**2 - 2202*h + 11059. What is c(5)?
24
Let a(w) = w**3 + w**2 - 2979*w - 11874. Calculate a(-4).
-6
Let p(w) = -3*w**2 + 110*w + 1543. Give p(-11).
-30
Let t(w) = 1031953*w - 14447341. Determine t(14).
1
Let q(z) = 21*z**3 - 43*z**2 + 3*z - 43. Determine q(3).
146
Let a(n) = 273*n - 10066. Calculate a(35).
-511
Let p(r) = 85*r**2 - 21246*r - 984. Determine p(250).
16
Let g(t) = t**3 - 107*t**2 + 2105*t + 56. Give g(81).
-25
Let w(r) = 157*r**2 - 974*r - 4915. What is w(-5)?
3880
Let a(k) = -3005*k - 390644. What is a(-130)?
6
Let p(f) = -10*f**2 + 114*f - 375. What is p(13)?
-583
Let h(x) = -29*x**2 - 456*x - 140. What is h(-11)?
1367
Let t(c) = -5*c**3 - 14*c**2 + 194*c + 906. What is t(-5)?
211
Let b(g) = 223*g**2 + 157886*g + 1534. What is b(-708)?
118
Let j(d) = 27235*d + 81781. Determine j(-3).
76
Let g(i) = 3*i**3 + 70*i**2 + 368*i - 162. Determine g(-9).
9
Let o(k) = 392*k**3 - 374*k**2 - 13*k + 3. Determine o(1).
8
Let r(u) = u**2 - 247*u - 67. Calculate r(0).
-67
Let x(z) = z**2 + 981*z + 239335. What is x(-455)?
5
Let j(z) = -4*z**3 + 197*z**2 + 2863*z + 252. Determine j(61).
8
Let u(n) = 16890*n + 1570743. Give u(-93).
-27
Let p(r) = -r**2 + 419*r + 526879. Calculate p(965).
-11
Let o(y) = -y**2 - 125*y - 1902. Determine o(0).
-1902
Let r(b) = 76*b + 3199. Calculate r(-41).
83
Let i(q) = q**2 - 5501*q + 180547. Determine i(33).
103
Let h(r) = -290*r**2 - 23469*r + 1726. Determine h(-81).
25
Let f(h) = -100973*h + 13025507. What is f(129)?
-10
Let y(a) = 801*a - 1822. Determine y(3).
581
Let q(b) = -25467*b - 13. Give q(0).
-13
Let m(i) = -3566*i - 178442. Determine m(-50).
-142
Let n(o) = o**3 - 42*o**2 + 338*o - 536. Give n(32).
40
Let l(h) = -194776*h - 584330. Give l(-3).
-2
Let v(q) = 44*q**2 + 71*q + 225. Give v(-3).
408
Let a(g) = -364786*g + 3647885. What is a(10)?
25
Let c(w) = -2017*w + 6021. What is c(3)?
-30
Let i(k) = -28660*k + 687821. Give i(24).
-19
Let j(b) = -11*b**2 - 1255*b - 1300. What is j(-113)?
56
Let h(c) = -8*c**3 + 10*c**2 + 348*c + 346. What is h(-1)?
16
Let x(n) = -8*n**3 - 76*n**2 - 126*n + 32. What is x(-2)?
44
Let f(v) = -13711*v - 1028324. Give f(-75).
1
Let x(j) = -j**2 + 559*j + 15268. Calculate x(-26).
58
Let s(r) = 105*r**2 + 18060*r + 26. What is s(-172)?
26
Let t(w) = 3*w**3 + 1042*w**2 + 13147*w + 1407. Calculate t(-13).
3
Let h(r) = -2*r**3 - 70*r**2 - 258*r - 275. Give h(-31).
35
Let o(f) = 14482*f**2 + 115853*f - 21. Give o(-8).
3
Let d(a) = -a**3 + a**2 - 556*a - 2968. What is d(-5)?
-38
Let w(b) = 23*b**2 - 287*b - 10563. What is w(-16)?
-83
Let f(r) = 310967*r - 932919. Give f(3).
-18
Let b(w) = -7*w**2 + 8*w + 13224. What is b(44)?
24
Let m(x) = 81837*x - 11375319. What is m(139)?
24
Let q(o) = 23894*o + 96075. Calculate q(-4).
499
Let n(c) = 2*c**3 + 4651*c**2 - 74918*c - 146. What is n(16)?
14
Let h(o) = -o**3 + 173*o**2 + 923*o - 5821. Determine h(178).
53
Let i(s) = 10*s**3 - 17*s**2 - 235*s + 916. Calculate i(4).
344
Let m(l) = l**3 + 9*l**2 - 58*l - 350. What is m(-6)?
106
Let x(z) = -142513*z - 1425100. Give x(-10).
30
Let g(i) = -i**2 + 78*i - 968. Determine g(34).
528
Let l(p) = -2*p**3 + 156*p**2 + 692*p - 65156. Determine l(77).
-14
Let h(u) = -483629*u - 5319917. Determine h(-11).
2
Let b(v) = 2*v**2 - 673*v - 38433. Determine b(387).
654
Let j(c) = 792*c**2 + 509*c. What is j(-1)?
283
Let g(c) = c**3 - 104*c**2 + 384*c - 8199. Determine g(101).
-18
Let j(h) = -13480*h + 80839. What is j(6)?
-41
Let c(n) = -201234*n - 402466. What is c(-2)?
2
Let d(r) = r**3 + 758*r**2 + 57793*r + 84. Calculate d(-86).
-2
Let t(w) = 44*w**3 + 2*w**2 - 133*w + 601. What is t(5)?
5486
Let q(f) = -1326*f - 3946. Determine q(-3).
32
Let m(s) = 14*s**2 + 25929*s - 51857. Give m(2).
57
Let p(i) = -35842*i + 72189. Give p(2).
505
Let i(b) = -b**3 + 18*b**2 + 57*b + 236. Determine i(11).
1710
Let d(a) = 6*a**2 + 719*a + 9470. Determine d(-15).
35
Le